{"id":3,"date":"2024-07-08T21:37:28","date_gmt":"2024-07-08T19:37:28","guid":{"rendered":"https:\/\/zur-weissen-lilie.de\/?page_id=3"},"modified":"2024-09-13T18:26:39","modified_gmt":"2024-09-13T16:26:39","slug":"datenschutzerklaerung","status":"publish","type":"page","link":"https:\/\/zur-weissen-lilie.de\/?page_id=3","title":{"rendered":"Datenschutzerkl\u00e4rung"},"content":{"rendered":"\n<p><\/p>\n\n\n\n<p>Der Schutz Ihrer personenbezogenen Daten anl\u00e4sslich Ihres Besuchs auf unserer Homepage ist uns ein wichtiges Anliegen. Ihre Daten werden im Rahmen der gesetzlichen Vorschriften gesch\u00fctzt. Wir m\u00f6chten Sie nachfolgend \u00fcber Art und den Umfang der Verarbeitung von personenbezogenen Daten \u00fcber diese Website entsprechend Artikel 13 der Datenschutzgrundverordnung (DSGVO) unterrichten.<\/p>\n\n\n\n<ol class=\"wp-block-list\">\n<li>Angaben zur Verantwortlichen Stelle:<\/li>\n<\/ol>\n\n\n\n<p>Loge Zur Wei\u00dfen Lilie Nr. 871 <br>Vereinsvorstand <\/p>\n\n\n\n<p><br>E-Mail: <a href=\"MvSt@zur-weissen-lilie.de\" data-type=\"link\" data-id=\"MvSt@zur-weissen-lilie.de\">MvSt@zur-weissen-lilie.de<\/a><\/p>\n\n\n\n<ol start=\"2\" class=\"wp-block-list\">\n<li>Angaben zum Datenschutzbeauftragten:<\/li>\n<\/ol>\n\n\n\n<p>F\u00fcr Fragen zum Datenschutz steht Ihnen gerne zur Verf\u00fcgung:<\/p>\n\n\n\n<p>Mail: datenschutz@zur-weissen-lilie.de<br><\/p>\n\n\n\n<ol start=\"3\" class=\"wp-block-list\">\n<li>Datenverarbeitung \u00fcber die Website:<\/li>\n<\/ol>\n\n\n\n<p>Ihr Besuch auf unserer Webseite wird protokolliert. Erfasst werden zun\u00e4chst im Wesentlichen folgende Daten, die Ihr Browser an uns \u00fcbermittelt:<\/p>\n\n\n\n<pre class=\"wp-block-code\"><code>die aktuell von Ihrem PC oder Ihrem Router verwendete IP-Adresse\nDatum und Uhrzeit\nBrowsertyp und -Version\ndas Betriebssystem Ihres PC\ndie von Ihnen betrachteten Seiten\nName und Gr\u00f6\u00dfe der angefragten Datei(en)\nsowie ggf. die URL der verweisenden Webseite.<\/code><\/pre>\n\n\n\n<p>Diese Daten werden lediglich f\u00fcr Zwecke der Datensicherheit, zur Verbesserung unseres Webangebots sowie zur Fehleranalyse auf Grundlage des Art. 6 Abs.1 f DSGVO erhoben. Wir behalten uns das Recht vor, diese Daten im Falle eines Systemmissbrauchs zu verwenden, um die Gr\u00fcnde und den Ausl\u00f6ser des Missbrauchs zu ermitteln, sowie ggf. rechtliche Schritte einzuleiten. Im \u00dcbrigen wird die IP-Adresse Ihres Rechners lediglich anonymisiert (verk\u00fcrzt um die letzten 3 Ziffern) ausgewertet.<\/p>\n\n\n\n<p>Sie k\u00f6nnen unsere Website besuchen ohne Angaben zu Ihrer Person zu machen.<\/p>\n\n\n\n<p>Wir weisen darauf hin, dass die Daten\u00fcbertragung im Internet (z.B. bei der Kommunikation per E-Mail) Sicherheitsl\u00fccken aufweisen kann. Ein l\u00fcckenloser Schutz der Daten vor dem Zugriff durch Dritte ist nicht m\u00f6glich. Vertrauliche Daten sollten Sie uns daher auf einen anderen Weg, z.B. per Post zukommen lassen.<\/p>\n\n\n\n<ol start=\"4\" class=\"wp-block-list\">\n<li>Kontakt:<\/li>\n<\/ol>\n\n\n\n<p>Personenbezogene Daten (z. B. Ihr Name, Adressdaten oder Kontaktdaten), die Sie uns von sich aus, z.B. im Rahmen einer Anfrage, unseres Kontaktfeldes oder in sonstiger Weise mitteilen, werden bei uns gespeichert und nur zur Korrespondenz mit Ihnen und nur zu dem Zweck verarbeitet, zu dem Sie uns diese Daten zur Verf\u00fcgung gestellt haben. Die Verarbeitung dieser Daten erfolgt aufgrund unseres berechtigten Interesses an einer z\u00fcgigen Beantwortung von Interessenten-Anfragen auf Grundlage des Art. 6 Abs.1 lit. a DSGVO.<\/p>\n\n\n\n<ol start=\"5\" class=\"wp-block-list\">\n<li>Sichere Daten\u00fcbertragung:<\/li>\n<\/ol>\n\n\n\n<p>Um die Sicherheit Ihrer Daten bei der \u00dcbertragung zu sch\u00fctzen, verwenden wir ein dem aktuellen Stand der Technik entsprechendes Verschl\u00fcsselungsverfahren (SSL) \u00fcber HTTPS.<\/p>\n\n\n\n<ol start=\"6\" class=\"wp-block-list\">\n<li>Daten\u00fcbermittlung bei Vertragsabschluss f\u00fcr Dienstleistungen und digitale Inhalte:<\/li>\n<\/ol>\n\n\n\n<p>Wir \u00fcbermitteln personenbezogene Daten an Dritte nur dann, wenn dies im Rahmen der Vertragsabwicklung notwendig ist, etwa an die mit der Lieferung der Ware betrauten Unternehmen oder das mit der Zahlungsabwicklung beauftragte Kreditinstitut. Eine weitergehende \u00dcbermittlung der Daten erfolgt nicht bzw. nur dann, wenn Sie der \u00dcbermittlung ausdr\u00fccklich zugestimmt haben. Eine Weitergabe Ihrer Daten an Dritte ohne ausdr\u00fcckliche Einwilligung, etwa zu Zwecken der Werbung, erfolgt nicht. Grundlage f\u00fcr die Datenverarbeitung ist Art. 6 Abs. 1 lit. b DSGVO, der die Verarbeitung von Daten zur Erf\u00fcllung eines Vertrags oder vorvertraglicher Ma\u00dfnahmen gestattet.<\/p>\n\n\n\n<ol start=\"7\" class=\"wp-block-list\">\n<li>Empf\u00e4nger von personenbezogenen Daten:<\/li>\n<\/ol>\n\n\n\n<p>Es erfolgt grunds\u00e4tzlich keine Weitergabe Ihrer Daten. Gegebenenfalls k\u00f6nnen wir zur Durchf\u00fchrung und Abwicklung von Verarbeitungsprozessen Dienstleister im Wege der Auftragsdatenverarbeitung in Anspruch nehmen.<\/p>\n\n\n\n<p>Mit unseren Dienstleistern werden die Vertragsverh\u00e4ltnisse nach den Bestimmungen des Art. 28 DSGVO geregelt, die die gesetzlich geforderten Punkte zum Datenschutz und zur Datensicherheit enthalten.<\/p>\n\n\n\n<ol start=\"8\" class=\"wp-block-list\">\n<li>Verwendung von Cookies:<\/li>\n<\/ol>\n\n\n\n<p>In unserem Internetangebot werden sog. Cookies eingesetzt. Cookies sind kleine Textdateien, die von Ihrem Browser gespeichert und auf Ihrem Rechner abgelegt werden. Der Einsatz von Cookies dient dazu, das Internetangebot nutzerfreundlicher zu gestalten. So ist es z.B. m\u00f6glich den Nutzer f\u00fcr die Dauer der Sitzung wiederzuerkennen, ohne das st\u00e4ndig Nutzername und Kennwort neu eingegeben werden m\u00fcssen. Die Cookies richten auf Ihrem Rechner keinen Schaden an und werden nach Beendigung Ihrer Sitzung gel\u00f6scht. Grundlage f\u00fcr die Datenverarbeitung ist Art. 6 Abs.1 f DSGVO.<\/p>\n\n\n\n<p>Einige der von uns verwendeten Cookies werden nach dem Schlie\u00dfen Ihres Browsers unmittelbar gel\u00f6scht (sog. Sitzungs-Cookies).<\/p>\n\n\n\n<p>Andere Cookies verbleiben auf Ihrem Endger\u00e4t und erm\u00f6glichen es, Ihren Browser beim n\u00e4chsten Besuch wiederzuerkennen (persistente Cookies).<\/p>\n\n\n\n<p>Die Datenverarbeitung im Zusammenhang mit Cookies, die alleine zur Herstellung der Funktionalit\u00e4t unseres Onlineangebots dienen, erfolgt auf der Grundlage unseres berechtigten Interesses gem\u00e4\u00df Art. 6 Abs. 1 lit. f DSGVO.<\/p>\n\n\n\n<p>In allen anderen F\u00e4llen nutzen wir Cookies nur nach erteilter Einwilligung Ihrerseits. Rechtsgrundlage ist demnach Art. 6 Abs. 1 lit. a DSGVO. Ihre Einwilligung k\u00f6nnen Sie jederzeit mittels \u00c4nderung Ihrer Cookie-Einstellungen [unten links auf der Homepage] widerrufen.<\/p>\n\n\n\n<p>Wenn Sie die Verwendung von Cookies nicht w\u00fcnschen, k\u00f6nnen Sie Ihren Browser so einstellen, dass eine Speicherung von Cookies nicht akzeptiert wird. Bitte beachten Sie dabei aber, dass Sie in diesem Fall gegebenenfalls nicht s\u00e4mtliche Funktionen unserer Webseiten nutzen k\u00f6nnen.<\/p>\n\n\n\n<ol start=\"9\" class=\"wp-block-list\">\n<li>Google Maps:<\/li>\n<\/ol>\n\n\n\n<p>Diese Seite nutzt \u00fcber eine API den Kartendienst Google Maps. Anbieter ist die Google Ireland Limited, Gordon House, Barrow Street, Dublin 4, Irland, Tel: +353 1 543 1000, Fax: +353 1 686 5660, E-Mail: support-deutschland@google.com .<\/p>\n\n\n\n<p>Zur aktiven Nutzung der Funktionen von Google Maps ist es notwendig, Ihre IP Adresse zu speichern. Diese Informationen werden in der Regel an einen Server von Google in den USA \u00fcbertragen und dort gespeichert. Der Anbieter dieser Seite hat keinen Einfluss auf diese Daten\u00fcbertragung.<\/p>\n\n\n\n<p>Rechtsgrundlage ist Ihre Einwilligung im Sinne von Art. 6 Abs. 1 lit. a DSGVO. Diese k\u00f6nnen Sie jederzeit unten links auf der Homepage mit Wirkung f\u00fcr die Zukunft widerrufen.<\/p>\n\n\n\n<p>Mehr Informationen zum Umgang mit Nutzerdaten finden Sie in der Datenschutzerkl\u00e4rung von Google:<\/p>\n\n\n\n<p><a href=\"https:\/\/www.google.de\/intl\/de\/policies\/privacy\">https:\/\/www.google.de\/intl\/de\/policies\/privacy<\/a><\/p>\n\n\n\n<ol start=\"10\" class=\"wp-block-list\">\n<li>Datenerhebung durch Google-Analytics:<\/li>\n<\/ol>\n\n\n\n<p>Diese Website benutzt Google Analytics, einen Webanalysedienst der Google Ireland Ltd. (\u201eGoogle\u201d), Gordon House, Barrow Street, Dublin 4, Irland, Tel: +353 1 543 1000, Fax: +353 1 686 5660, E-Mail: support-deutschland@google.com. Google Analytics verwendet sog. \u201eCookies\u201d, Textdateien, die auf Ihrem Computer gespeichert werden und die eine Analyse der Benutzung der Website durch Sie erm\u00f6glichen. Die durch den Cookie erzeugten Informationen \u00fcber Ihre Benutzung dieser Website werden in der Regel an einen Server von Google in den USA \u00fcbertragen und dort gespeichert.<\/p>\n\n\n\n<p>Im Falle der Aktivierung der IP-Anonymisierung auf dieser Webseite, wird Ihre IP-Adresse von Google jedoch innerhalb von Mitgliedstaaten der Europ\u00e4ischen Union oder in anderen Vertragsstaaten des Abkommens \u00fcber den Europ\u00e4ischen Wirtschaftsraum zuvor gek\u00fcrzt. Nur in Ausnahmef\u00e4llen wird die volle IP-Adresse an einen Server von Google in den USA \u00fcbertragen und dort gek\u00fcrzt. Wir weisen darauf hin, dass auf dieser Website Google Analytics um den Code \u201eanonymizelp\u201c erweitert wurde, um eine anonymisierte Fassung der IP-Adresse zu gew\u00e4hrleisten.<\/p>\n\n\n\n<p>Im Auftrag des Betreibers dieser Website wird Google diese Informationen benutzen, um Ihre Nutzung der Website auszuwerten, um Reports \u00fcber die Websiteaktivit\u00e4ten zusammenzustellen und um weitere mit der Websitenutzung und der Internetnutzung verbundene Dienstleistungen gegen\u00fcber dem Websitebetreiber zu erbringen. Die im Rahmen von Google Analytics von Ihrem Browser \u00fcbermittelte IP-Adresse wird nicht mit anderen Daten von Google zusammengef\u00fchrt.<\/p>\n\n\n\n<p>Grundlage f\u00fcr die Datenverarbeitung ist Ihre Einwilligung nach Art 6 Abs.1 lit. a DSGVO. Ihre Einwilligung k\u00f6nnen Sie jederzeit mit Wirkung f\u00fcr die Zukunft widerrufen, indem Sie die entsprechende Einstellung in Ihrer Cookie-Einstellungen [unten links auf der Homepage] vornehmen.<\/p>\n\n\n\n<p>Google verarbeitet Ihrer personenbezogenen Daten zum Teil in den USA. F\u00fcr eine Daten\u00fcbermittlung existiert derzeit kein Angemessenheitsbeschluss der EU-Kommission. Das angemessene Datenschutzniveau wird daher durch die Verwendung der EU-Standardvertragsklauseln gew\u00e4hrleistet.<\/p>\n\n\n\n<p>Sie k\u00f6nnen die Speicherung der Cookies durch eine entsprechende Einstellung Ihrer Browser-Software verhindern; wir weisen Sie jedoch darauf hin, dass Sie in diesem Fall gegebenenfalls nicht s\u00e4mtliche Funktionen dieser Website vollumf\u00e4nglich werden nutzen k\u00f6nnen.<\/p>\n\n\n\n<ol start=\"12\" class=\"wp-block-list\">\n<li>Cookies<\/li>\n<\/ol>\n\n\n\n<p>Diese Website verwendet Cookie, das ein technisch notwendiges Cookie setzt, um Ihre Cookie-Einwilligungen zu speichern.  Cookie verarbeitet keinerlei personenbezogenen Daten. Im Cookie  werden Ihre Einwilligungen gespeichert, die Sie beim Betreten der Website gegeben haben. M\u00f6chten Sie diese Einwilligungen widerrufen, l\u00f6schen Sie einfach das Cookie in Ihrem Browser. Wenn Sie die Website neu betreten\/neu laden, werden Sie erneut nach Ihrer Cookie-Einwilligung gefragt.<\/p>\n\n\n\n<ol start=\"13\" class=\"wp-block-list\">\n<li>Ihre Rechte:<\/li>\n<\/ol>\n\n\n\n<p>Nach den Artikeln 15-21 DSGVO k\u00f6nnen Sie bei Vorliegen der dort beschriebenen Voraussetzungen die nachfolgenden Rechte in Bezug auf die bei uns verarbeiteten personenbezogenen Daten geltend machen.<\/p>\n\n\n\n<p>Sie k\u00f6nnen Auskunft gem\u00e4\u00df Art. 15 DSGVO \u00fcber Ihre von uns verarbeitenden personenbezogenen Daten verlangen.<\/p>\n\n\n\n<p>Sollten unrichtige personenbezogene Daten verarbeitet werden, steht Ihnen gem\u00e4\u00df Art. 16 DS-GVO ein Recht auf Berichtigung zu.<\/p>\n\n\n\n<p>Liegen die gesetzlichen Voraussetzungen vor, so k\u00f6nnen Sie die L\u00f6schung oder Einschr\u00e4nkung der Verarbeitung verlangen (Art. 17, 18 DSGVO).<\/p>\n\n\n\n<p>Sie haben das Recht, Ihre datenschutzrechtliche Einwilligungserkl\u00e4rung jederzeit zu widerrufen. Durch den Widerruf der Einwilligung wird die Rechtm\u00e4\u00dfigkeit der aufgrund der Einwilligung bis zum Widerruf erfolgten Verarbeitung nicht ber\u00fchrt.<\/p>\n\n\n\n<p>Recht auf Daten\u00fcbertragbarkeit gam\u00e4\u00df Art. 20 DSGVO<\/p>\n\n\n\n<p>F\u00fcr den Fall, dass die Voraussetzungen des Art. 20 Abs. 1 DSGVO vorliegen, steht Ihnen das Recht zu, sich Daten, die wir auf Grundlage Ihrer Einwilligung oder in Erf\u00fcllung eines Vertrags automatisiert verarbeiten, an sich oder an Dritte aush\u00e4ndigen zu lassen. Die Erfassung der Daten zur Bereitstellung der Website und die Speicherung der Protokolldateien sind f\u00fcr den Betrieb der Internetseite zwingend erforderlich. Sie beruhen daher nicht auf einer Einwilligung nach Art. 6 Abs. 1 Buchstabe a DSGVO oder auf einem Vertrag nach Art. 6 Abs. 1 Buchstabe b DSGVO, sondern sind nach Art. 6 Abs. 1 Buchstabe f DSGVO gerechtfertigt. Die Voraussetzungen des Art. 20 Abs. 1 DSGVO sind demnach insoweit nicht erf\u00fcllt.<\/p>\n\n\n\n<p>Widerspruchsrecht gem\u00e4\u00df Art. 21 DSGVO<\/p>\n\n\n\n<p>Die betroffene Person hat das Recht, aus Gr\u00fcnden, die sich aus ihrer besonderen Situation ergeben, jederzeit gegen die Verarbeitung sie betreffender personenbezogener Daten, die aufgrund von Art. 6 Absatz 1 Buchstaben e) oder f) DSGVO erfolgt, Widerspruch einzulegen; dies gilt auch f\u00fcr ein auf diese Bestimmungen gest\u00fctztes Profiling.<\/p>\n\n\n\n<ol start=\"14\" class=\"wp-block-list\">\n<li>Regelfristen f\u00fcr die L\u00f6schung der Daten:<\/li>\n<\/ol>\n\n\n\n<p>Soweit eine gesetzliche Aufbewahrungsvorschrift nicht besteht, werden die Daten gel\u00f6scht bzw. vernichtet, wenn sie f\u00fcr die Erreichung des Zwecks der Datenverarbeitung nicht mehr erforderlich sind. F\u00fcr die Aufbewahrung von personenbezogenen Daten gelten unterschiedliche Fristen, so werden Daten mit steuerrechtlicher Relevanz i.d.R. 10 Jahre, andere Daten nach handelsrechtlichen Vorschriften i.d.R. 6 Jahre aufbewahrt. Schlie\u00dflich kann sich die Speicherdauer auch nach den gesetzlichen Verj\u00e4hrungsfristen richten, die zum Beispiel nach den \u00a7\u00a7 195 ff. des B\u00fcrgerlichen Gesetzbuches (BGB) in der Regel drei Jahre, in gewissen F\u00e4llen aber auch bis zu drei\u00dfig Jahre betragen k\u00f6nnen.<\/p>\n\n\n\n<ol start=\"15\" class=\"wp-block-list\">\n<li>Beschwerderecht bei einer Aufsichtsbeh\u00f6rde:<\/li>\n<\/ol>\n\n\n\n<p>Jede betroffene Person hat nach Art 77 DSGVO ein Beschwerderecht bei einer Aufsichtsbeh\u00f6rde. Der Sitz des Vereins ist W\u00fcrzburg<br><\/p>\n\n\n\n<p>Kontakt <\/p>\n\n\n\n<p><\/p>\n\n\n\n<p>Bayerisches Landesamt f\u00fcr Datenschutzaufsicht (BayLDA)<br>Promenade 18<br>91522 Ansbach<br>Postanschrift<\/p>\n\n\n\n<p>Postfach 1349<br>91504 Ansbach<br>Deutschland<br>Telefon<\/p>\n\n\n\n<p>Telefon: +49 (0) 981 180093-0<\/p>\n\n\n\n<p>Montag bis Freitag: 08:00 Uhr \u2013 12:00 Uhr<br>Telefax<\/p>\n\n\n\n<p>Telefax: +49 (0) 981 180093-800<br>Online-Services:<\/p>\n\n\n\n<p><a href=\"https:\/\/www.lda.bayern.de\/de\/kontakt.html\">https:\/\/www.lda.bayern.de<\/a><\/p>\n\n\n\n<p><\/p>\n\n\n\n<p><\/p>\n\n\n\n<p><a href=\"https:\/\/lda.dsb-meldung.de\/\">https:\/\/lda.dsb-meldung.de\/<\/a><\/p>\n","protected":false},"excerpt":{"rendered":"<p>Der Schutz Ihrer personenbezogenen Daten anl\u00e4sslich Ihres Besuchs auf unserer Homepage ist uns ein wichtiges Anliegen. Ihre Daten werden im Rahmen der gesetzlichen Vorschriften gesch\u00fctzt. Wir m\u00f6chten Sie nachfolgend \u00fcber Art und den Umfang der Verarbeitung von personenbezogenen Daten \u00fcber diese Website entsprechend Artikel 13 der Datenschutzgrundverordnung (DSGVO) unterrichten. Loge Zur Wei\u00dfen Lilie Nr. 871 [&hellip;]<\/p>\n","protected":false},"author":1,"featured_media":0,"parent":2,"menu_order":0,"comment_status":"closed","ping_status":"closed","template":"","meta":{"footnotes":""},"class_list":["post-3","page","type-page","status-publish","hentry"],"_links":{"self":[{"href":"https:\/\/zur-weissen-lilie.de\/index.php?rest_route=\/wp\/v2\/pages\/3","targetHints":{"allow":["GET"]}}],"collection":[{"href":"https:\/\/zur-weissen-lilie.de\/index.php?rest_route=\/wp\/v2\/pages"}],"about":[{"href":"https:\/\/zur-weissen-lilie.de\/index.php?rest_route=\/wp\/v2\/types\/page"}],"author":[{"embeddable":true,"href":"https:\/\/zur-weissen-lilie.de\/index.php?rest_route=\/wp\/v2\/users\/1"}],"replies":[{"embeddable":true,"href":"https:\/\/zur-weissen-lilie.de\/index.php?rest_route=%2Fwp%2Fv2%2Fcomments&post=3"}],"version-history":[{"count":8,"href":"https:\/\/zur-weissen-lilie.de\/index.php?rest_route=\/wp\/v2\/pages\/3\/revisions"}],"predecessor-version":[{"id":351,"href":"https:\/\/zur-weissen-lilie.de\/index.php?rest_route=\/wp\/v2\/pages\/3\/revisions\/351"}],"up":[{"embeddable":true,"href":"https:\/\/zur-weissen-lilie.de\/index.php?rest_route=\/wp\/v2\/pages\/2"}],"wp:attachment":[{"href":"https:\/\/zur-weissen-lilie.de\/index.php?rest_route=%2Fwp%2Fv2%2Fmedia&parent=3"}],"curies":[{"name":"wp","href":"https:\/\/api.w.org\/{rel}","templated":true}]}}