{"id":148,"date":"2024-08-24T22:23:57","date_gmt":"2024-08-24T20:23:57","guid":{"rendered":"https:\/\/zur-weissen-lilie.de\/?page_id=148"},"modified":"2024-08-24T22:23:57","modified_gmt":"2024-08-24T20:23:57","slug":"grossloge","status":"publish","type":"page","link":"https:\/\/zur-weissen-lilie.de\/?page_id=148","title":{"rendered":"Gro\u00dfloge"},"content":{"rendered":"<p><span class=\"fs20 cf1 ff1\">Die Freimaurerloge \u201eZur Weissen Lilie&#8221; ist unmittelbares Mitglied der <a class=\"imCssLink\" href=\"http:\/\/www.freimaurer.org\/\" target=\"_blank\" rel=\"noopener\">Vereinigten Gro\u00dflogen von Deutschland<\/a>, der Gesamtvertretung aller deutschen Freimaurer.<\/p>\n<p>Dadurch genie\u00dft sie weltweite Anerkennung als regul\u00e4re Freimaurerloge.<\/span><\/p>\n","protected":false},"excerpt":{"rendered":"<p>Die Freimaurerloge \u201eZur Weissen Lilie&#8221; ist unmittelbares Mitglied der Vereinigten Gro\u00dflogen von Deutschland, der Gesamtvertretung aller deutschen Freimaurer. Dadurch genie\u00dft sie weltweite Anerkennung als regul\u00e4re Freimaurerloge.<\/p>\n","protected":false},"author":1,"featured_media":0,"parent":2,"menu_order":0,"comment_status":"closed","ping_status":"closed","template":"","meta":{"footnotes":""},"class_list":["post-148","page","type-page","status-publish","hentry"],"_links":{"self":[{"href":"https:\/\/zur-weissen-lilie.de\/index.php?rest_route=\/wp\/v2\/pages\/148","targetHints":{"allow":["GET"]}}],"collection":[{"href":"https:\/\/zur-weissen-lilie.de\/index.php?rest_route=\/wp\/v2\/pages"}],"about":[{"href":"https:\/\/zur-weissen-lilie.de\/index.php?rest_route=\/wp\/v2\/types\/page"}],"author":[{"embeddable":true,"href":"https:\/\/zur-weissen-lilie.de\/index.php?rest_route=\/wp\/v2\/users\/1"}],"replies":[{"embeddable":true,"href":"https:\/\/zur-weissen-lilie.de\/index.php?rest_route=%2Fwp%2Fv2%2Fcomments&post=148"}],"version-history":[{"count":2,"href":"https:\/\/zur-weissen-lilie.de\/index.php?rest_route=\/wp\/v2\/pages\/148\/revisions"}],"predecessor-version":[{"id":160,"href":"https:\/\/zur-weissen-lilie.de\/index.php?rest_route=\/wp\/v2\/pages\/148\/revisions\/160"}],"up":[{"embeddable":true,"href":"https:\/\/zur-weissen-lilie.de\/index.php?rest_route=\/wp\/v2\/pages\/2"}],"wp:attachment":[{"href":"https:\/\/zur-weissen-lilie.de\/index.php?rest_route=%2Fwp%2Fv2%2Fmedia&parent=148"}],"curies":[{"name":"wp","href":"https:\/\/api.w.org\/{rel}","templated":true}]}}