{"id":101,"date":"2024-08-24T22:11:36","date_gmt":"2024-08-24T20:11:36","guid":{"rendered":"https:\/\/zur-weissen-lilie.de\/?page_id=101"},"modified":"2024-10-28T17:15:37","modified_gmt":"2024-10-28T16:15:37","slug":"bauhuette","status":"publish","type":"page","link":"https:\/\/zur-weissen-lilie.de\/?page_id=101","title":{"rendered":"Bauh\u00fctte"},"content":{"rendered":"<div id=\"imCellStyle_3\">\n<div id=\"imTextObject_3_tab0\" class=\"text-tab-content\">\n<div class=\"text-inner\">\n<p><span class=\"fs20\"><span class=\"ff1 cf0\"><b>Gr\u00fcndung<br \/>\n<\/b><\/span><\/span><b><span class=\"fs24 cf1 ff1\"><br \/>\n<\/span><\/b><span class=\"fs20 cf1 ff1\">Die Loge \u201eZur Weissen Lilie&#8221; wurde 1960 in W\u00fcrzburg von Mitgliedern verschiedener Freimaurerlogen gegr\u00fcndet, die ihre Wurzeln in der Jugendbewegung, bei den Pfadfinderb\u00fcnden oder im Wandervogel hatten.<\/span><\/p>\n<p>Es war ihre Absicht, den altersm\u00e4\u00dfig diesen Jugendb\u00fcnden entwachsenen jungen M\u00e4nnern eine Gelegenheit zu er\u00f6ffnen, in einem M\u00e4nnerbund ihr b\u00fcndisch gepr\u00e4gtes Leben im freimaurerischen Sinne weiterentwickeln zu k\u00f6nnen.<\/p>\n<p>Heute ist die Weisse Lilie eine Freimaurerloge, die sich zwar weiter zu ihren b\u00fcndischen Wurzeln und zur <a class=\"imCssLink\" href=\"https:\/\/de.wikipedia.org\/wiki\/Erster_Freideutscher_Jugendtag\" target=\"_blank\" rel=\"noopener\">Mei\u00dfner-<wbr \/>Formel<\/a> bekennt, aber jeden ernsthaft Suchenden willkommen hei\u00dft, der an ihre Pforte klopft, auch wenn er keine b\u00fcndische Herkunft hat.<br \/>\n<span class=\"fs20 ff1 cf0\"><br \/>\n<\/span><\/p>\n<\/div>\n<\/div>\n<\/div>\n","protected":false},"excerpt":{"rendered":"<p>Gr\u00fcndung Die Loge \u201eZur Weissen Lilie&#8221; wurde 1960 in W\u00fcrzburg von Mitgliedern verschiedener Freimaurerlogen gegr\u00fcndet, die ihre Wurzeln in der Jugendbewegung, bei den Pfadfinderb\u00fcnden oder im Wandervogel hatten. Es war ihre Absicht, den altersm\u00e4\u00dfig diesen Jugendb\u00fcnden entwachsenen jungen M\u00e4nnern eine Gelegenheit zu er\u00f6ffnen, in einem M\u00e4nnerbund ihr b\u00fcndisch gepr\u00e4gtes Leben im freimaurerischen Sinne weiterentwickeln zu [&hellip;]<\/p>\n","protected":false},"author":1,"featured_media":0,"parent":2,"menu_order":0,"comment_status":"closed","ping_status":"closed","template":"","meta":{"footnotes":""},"class_list":["post-101","page","type-page","status-publish","hentry"],"_links":{"self":[{"href":"https:\/\/zur-weissen-lilie.de\/index.php?rest_route=\/wp\/v2\/pages\/101","targetHints":{"allow":["GET"]}}],"collection":[{"href":"https:\/\/zur-weissen-lilie.de\/index.php?rest_route=\/wp\/v2\/pages"}],"about":[{"href":"https:\/\/zur-weissen-lilie.de\/index.php?rest_route=\/wp\/v2\/types\/page"}],"author":[{"embeddable":true,"href":"https:\/\/zur-weissen-lilie.de\/index.php?rest_route=\/wp\/v2\/users\/1"}],"replies":[{"embeddable":true,"href":"https:\/\/zur-weissen-lilie.de\/index.php?rest_route=%2Fwp%2Fv2%2Fcomments&post=101"}],"version-history":[{"count":5,"href":"https:\/\/zur-weissen-lilie.de\/index.php?rest_route=\/wp\/v2\/pages\/101\/revisions"}],"predecessor-version":[{"id":374,"href":"https:\/\/zur-weissen-lilie.de\/index.php?rest_route=\/wp\/v2\/pages\/101\/revisions\/374"}],"up":[{"embeddable":true,"href":"https:\/\/zur-weissen-lilie.de\/index.php?rest_route=\/wp\/v2\/pages\/2"}],"wp:attachment":[{"href":"https:\/\/zur-weissen-lilie.de\/index.php?rest_route=%2Fwp%2Fv2%2Fmedia&parent=101"}],"curies":[{"name":"wp","href":"https:\/\/api.w.org\/{rel}","templated":true}]}}